{"id":322,"date":"2016-06-08T19:13:31","date_gmt":"2016-06-08T17:13:25","guid":{"rendered":"https:\/\/141801-www.web.tornado-node.net\/?page_id=322"},"modified":"2023-05-24T13:06:06","modified_gmt":"2023-05-24T11:06:06","slug":"ingen-tilgang","status":"publish","type":"page","link":"https:\/\/www.skabra.no\/?page_id=322","title":{"rendered":"Ingen tilgang"},"content":{"rendered":"<p>Du m\u00e5 logge inn for \u00e5 t\u00e5 tilgang.\u00a0 \u00a0Allerede medlem men mangler tilgang?\u00a0 T<span style=\"color: #51841a;\"><a style=\"color: #51841a;\" href=\"https:\/\/www.skabra.no\/?page_id=18\">a kontakt med oss<\/a>.<\/span><\/p>\n<p>&nbsp;<\/p>\n<h3>Bli medlem<\/h3>\n<p>\u00d8nsker du \u00e5 bli medlem?\u00a0<span style=\"color: #51841a;\"> <a style=\"color: #51841a;\" href=\"https:\/\/www.skabra.no\/?page_id=18\">Ta kontakt med oss<\/a>.<\/span><\/p>\n<p>&nbsp;<\/p>\n<h2>Logg inn<\/h2>\n<p><div class=\"vcex-spacing wpex-w-100 wpex-clear\" style=\"height:25px\"><\/div><div class=\"vcex-module vcex-login-form wpex-clr wpex-bordered\"><form name=\"vcex-loginform\" id=\"vcex-loginform\" action=\"https:\/\/www.skabra.no\/wp-login.php\" method=\"post\"><p class=\"login-username\">\n\t\t\t\t<label for=\"user_login\">Brukernavn<\/label>\n\t\t\t\t<input type=\"text\" name=\"log\" id=\"user_login\" autocomplete=\"username\" class=\"input\" value=\"\" size=\"20\" \/>\n\t\t\t<\/p><p class=\"login-password\">\n\t\t\t\t<label for=\"user_pass\">Passord<\/label>\n\t\t\t\t<input type=\"password\" name=\"pwd\" id=\"user_pass\" autocomplete=\"current-password\" spellcheck=\"false\" class=\"input\" value=\"\" size=\"20\" \/>\n\t\t\t<\/p><p class=\"login-remember\"><label><input name=\"rememberme\" type=\"checkbox\" id=\"rememberme\" value=\"forever\" \/> Husk meg<\/label><\/p><p class=\"login-submit\">\n\t\t\t\t<input type=\"submit\" name=\"wp-submit\" id=\"wp-submit\" class=\"button button-primary\" value=\"Logg inn\" \/>\n\t\t\t\t<input type=\"hidden\" name=\"redirect_to\" value=\"?page_id=18\" \/>\n\t\t\t<\/p><\/form><div class=\"vcex-login-form-nav wpex-clr\"><a href=\"https:\/\/www.skabra.no\/wp-login.php?action=register\" class=\"vcex-login-form-register\">Register<\/a><\/div><\/div><\/p>\n<p>&nbsp;<\/p>\n<p style=\"text-align: left;\"><span style=\"color: #51841a;\"><a style=\"color: #51841a;\" href=\"\/\">G\u00e5 til forsiden<\/a><\/span><\/p>\n<p>&nbsp;<\/p>\n","protected":false},"excerpt":{"rendered":"<p>Du m\u00e5 logge inn for \u00e5 t\u00e5 tilgang.\u00a0 \u00a0Allerede medlem men mangler tilgang?\u00a0 Ta kontakt med oss. &nbsp; Bli medlem \u00d8nsker du \u00e5 bli medlem?\u00a0 Ta kontakt med oss. &nbsp;&hellip;<a href=\"https:\/\/www.skabra.no\/?page_id=322\" class=\"more-link\"><span class=\"more-button\">Les mer&#8230;..<span class=\"screen-reader-text\">Ingen tilgang<\/span><\/span><\/a><\/p>\n","protected":false},"author":5,"featured_media":0,"parent":0,"menu_order":3,"comment_status":"closed","ping_status":"closed","template":"","meta":{"footnotes":""},"class_list":["post-322","page","type-page","status-publish","hentry"],"yoast_head":"<!-- This site is optimized with the Yoast SEO plugin v27.3 - https:\/\/yoast.com\/product\/yoast-seo-wordpress\/ -->\n<title>Ingen tilgang - Skadedyrbedriftenes Bransjeorganisasjon<\/title>\n<meta name=\"robots\" content=\"index, follow, max-snippet:-1, max-image-preview:large, max-video-preview:-1\" \/>\n<link rel=\"canonical\" href=\"https:\/\/www.skabra.no\/?page_id=322\" \/>\n<meta property=\"og:locale\" content=\"nb_NO\" \/>\n<meta property=\"og:type\" content=\"article\" \/>\n<meta property=\"og:title\" content=\"Ingen tilgang - Skadedyrbedriftenes Bransjeorganisasjon\" \/>\n<meta property=\"og:description\" content=\"Du m\u00e5 logge inn for \u00e5 t\u00e5 tilgang.\u00a0 \u00a0Allerede medlem men mangler tilgang?\u00a0 Ta kontakt med oss. &nbsp; Bli medlem \u00d8nsker du \u00e5 bli medlem?\u00a0 Ta kontakt med oss. &nbsp;&hellip;Les mer.....Ingen tilgang\" \/>\n<meta property=\"og:url\" content=\"https:\/\/www.skabra.no\/?page_id=322\" \/>\n<meta property=\"og:site_name\" content=\"Skadedyrbedriftenes Bransjeorganisasjon\" \/>\n<meta property=\"article:modified_time\" content=\"2023-05-24T11:06:06+00:00\" \/>\n<meta name=\"twitter:card\" content=\"summary_large_image\" \/>\n<meta name=\"twitter:label1\" content=\"Ansl. lesetid\" \/>\n\t<meta name=\"twitter:data1\" content=\"1 minutt\" \/>\n<script type=\"application\/ld+json\" class=\"yoast-schema-graph\">{\"@context\":\"https:\\\/\\\/schema.org\",\"@graph\":[{\"@type\":\"WebPage\",\"@id\":\"https:\\\/\\\/www.skabra.no\\\/?page_id=322\",\"url\":\"https:\\\/\\\/www.skabra.no\\\/?page_id=322\",\"name\":\"Ingen tilgang - Skadedyrbedriftenes Bransjeorganisasjon\",\"isPartOf\":{\"@id\":\"https:\\\/\\\/www.skabra.no\\\/#website\"},\"datePublished\":\"2016-06-08T17:13:25+00:00\",\"dateModified\":\"2023-05-24T11:06:06+00:00\",\"inLanguage\":\"nb-NO\",\"potentialAction\":[{\"@type\":\"ReadAction\",\"target\":[\"https:\\\/\\\/www.skabra.no\\\/?page_id=322\"]}]},{\"@type\":\"WebSite\",\"@id\":\"https:\\\/\\\/www.skabra.no\\\/#website\",\"url\":\"https:\\\/\\\/www.skabra.no\\\/\",\"name\":\"Skadedyrbedriftenes Bransjeorganisasjon\",\"description\":\"SKABRA setter milj\u00f8 og trygghet i fokus\",\"publisher\":{\"@id\":\"https:\\\/\\\/www.skabra.no\\\/#organization\"},\"potentialAction\":[{\"@type\":\"SearchAction\",\"target\":{\"@type\":\"EntryPoint\",\"urlTemplate\":\"https:\\\/\\\/www.skabra.no\\\/?s={search_term_string}\"},\"query-input\":{\"@type\":\"PropertyValueSpecification\",\"valueRequired\":true,\"valueName\":\"search_term_string\"}}],\"inLanguage\":\"nb-NO\"},{\"@type\":\"Organization\",\"@id\":\"https:\\\/\\\/www.skabra.no\\\/#organization\",\"name\":\"Skadedyrbedriftenes Bransjeorganisasjon\",\"url\":\"https:\\\/\\\/www.skabra.no\\\/\",\"logo\":{\"@type\":\"ImageObject\",\"inLanguage\":\"nb-NO\",\"@id\":\"https:\\\/\\\/www.skabra.no\\\/#\\\/schema\\\/logo\\\/image\\\/\",\"url\":\"https:\\\/\\\/www.skabra.no\\\/wp-content\\\/uploads\\\/2016\\\/05\\\/SkaBra_logo_RGB_125.png\",\"contentUrl\":\"https:\\\/\\\/www.skabra.no\\\/wp-content\\\/uploads\\\/2016\\\/05\\\/SkaBra_logo_RGB_125.png\",\"width\":125,\"height\":87,\"caption\":\"Skadedyrbedriftenes Bransjeorganisasjon\"},\"image\":{\"@id\":\"https:\\\/\\\/www.skabra.no\\\/#\\\/schema\\\/logo\\\/image\\\/\"}}]}<\/script>\n<!-- \/ Yoast SEO plugin. -->","yoast_head_json":{"title":"Ingen tilgang - Skadedyrbedriftenes Bransjeorganisasjon","robots":{"index":"index","follow":"follow","max-snippet":"max-snippet:-1","max-image-preview":"max-image-preview:large","max-video-preview":"max-video-preview:-1"},"canonical":"https:\/\/www.skabra.no\/?page_id=322","og_locale":"nb_NO","og_type":"article","og_title":"Ingen tilgang - Skadedyrbedriftenes Bransjeorganisasjon","og_description":"Du m\u00e5 logge inn for \u00e5 t\u00e5 tilgang.\u00a0 \u00a0Allerede medlem men mangler tilgang?\u00a0 Ta kontakt med oss. &nbsp; Bli medlem \u00d8nsker du \u00e5 bli medlem?\u00a0 Ta kontakt med oss. &nbsp;&hellip;Les mer.....Ingen tilgang","og_url":"https:\/\/www.skabra.no\/?page_id=322","og_site_name":"Skadedyrbedriftenes Bransjeorganisasjon","article_modified_time":"2023-05-24T11:06:06+00:00","twitter_card":"summary_large_image","twitter_misc":{"Ansl. lesetid":"1 minutt"},"schema":{"@context":"https:\/\/schema.org","@graph":[{"@type":"WebPage","@id":"https:\/\/www.skabra.no\/?page_id=322","url":"https:\/\/www.skabra.no\/?page_id=322","name":"Ingen tilgang - Skadedyrbedriftenes Bransjeorganisasjon","isPartOf":{"@id":"https:\/\/www.skabra.no\/#website"},"datePublished":"2016-06-08T17:13:25+00:00","dateModified":"2023-05-24T11:06:06+00:00","inLanguage":"nb-NO","potentialAction":[{"@type":"ReadAction","target":["https:\/\/www.skabra.no\/?page_id=322"]}]},{"@type":"WebSite","@id":"https:\/\/www.skabra.no\/#website","url":"https:\/\/www.skabra.no\/","name":"Skadedyrbedriftenes Bransjeorganisasjon","description":"SKABRA setter milj\u00f8 og trygghet i fokus","publisher":{"@id":"https:\/\/www.skabra.no\/#organization"},"potentialAction":[{"@type":"SearchAction","target":{"@type":"EntryPoint","urlTemplate":"https:\/\/www.skabra.no\/?s={search_term_string}"},"query-input":{"@type":"PropertyValueSpecification","valueRequired":true,"valueName":"search_term_string"}}],"inLanguage":"nb-NO"},{"@type":"Organization","@id":"https:\/\/www.skabra.no\/#organization","name":"Skadedyrbedriftenes Bransjeorganisasjon","url":"https:\/\/www.skabra.no\/","logo":{"@type":"ImageObject","inLanguage":"nb-NO","@id":"https:\/\/www.skabra.no\/#\/schema\/logo\/image\/","url":"https:\/\/www.skabra.no\/wp-content\/uploads\/2016\/05\/SkaBra_logo_RGB_125.png","contentUrl":"https:\/\/www.skabra.no\/wp-content\/uploads\/2016\/05\/SkaBra_logo_RGB_125.png","width":125,"height":87,"caption":"Skadedyrbedriftenes Bransjeorganisasjon"},"image":{"@id":"https:\/\/www.skabra.no\/#\/schema\/logo\/image\/"}}]}},"_links":{"self":[{"href":"https:\/\/www.skabra.no\/index.php?rest_route=\/wp\/v2\/pages\/322","targetHints":{"allow":["GET"]}}],"collection":[{"href":"https:\/\/www.skabra.no\/index.php?rest_route=\/wp\/v2\/pages"}],"about":[{"href":"https:\/\/www.skabra.no\/index.php?rest_route=\/wp\/v2\/types\/page"}],"author":[{"embeddable":true,"href":"https:\/\/www.skabra.no\/index.php?rest_route=\/wp\/v2\/users\/5"}],"replies":[{"embeddable":true,"href":"https:\/\/www.skabra.no\/index.php?rest_route=%2Fwp%2Fv2%2Fcomments&post=322"}],"version-history":[{"count":12,"href":"https:\/\/www.skabra.no\/index.php?rest_route=\/wp\/v2\/pages\/322\/revisions"}],"predecessor-version":[{"id":1720,"href":"https:\/\/www.skabra.no\/index.php?rest_route=\/wp\/v2\/pages\/322\/revisions\/1720"}],"wp:attachment":[{"href":"https:\/\/www.skabra.no\/index.php?rest_route=%2Fwp%2Fv2%2Fmedia&parent=322"}],"curies":[{"name":"wp","href":"https:\/\/api.w.org\/{rel}","templated":true}]}}